{"id":1310,"date":"2022-03-20T19:00:00","date_gmt":"2022-03-20T19:00:00","guid":{"rendered":"https:\/\/www.zentrum-oep.at\/?page_id=1310"},"modified":"2022-04-23T15:52:46","modified_gmt":"2022-04-23T15:52:46","slug":"datenschutzerklaerung","status":"publish","type":"page","link":"https:\/\/www.zentrum-oep.at\/?page_id=1310","title":{"rendered":"Datenschutzerkl\u00e4rung \/ Privacy Policy"},"content":{"rendered":"\n<h2 class=\"wp-block-heading\">Datenschutzerkl\u00e4rung<\/h2>\n\n\n\n<p>Der verantwortungsvolle Umgang mit personenbezogenen Daten hat f\u00fcr Sentro Priorit\u00e4t. Wir m\u00f6chten, dass Sie wissen, welche Daten wir sammeln und wie wir sie verwenden.<\/p>\n\n\n\n<p>Wir haben technische und organisatorische Ma\u00dfnahmen getroffen, die sicherstellen, dass die Vorschriften \u00fcber den Datenschutz sowohl von uns als auch von unseren externen Dienstleistern beachtet werden.<\/p>\n\n\n\n<p>Durch die Weiterentwicklung unserer Webseite und die Implementierung neuer Technologien k\u00f6nnen sich \u00c4nderungen an unserer Datenschutzerkl\u00e4rung ergeben. Wir empfehlen Ihnen daher, diese Datenschutzerkl\u00e4rung von Zeit zu Zeit erneut zu lesen.<\/p>\n\n\n\n<h2 class=\"wp-block-heading\">Rechtliche Grundlagen<\/h2>\n\n\n\n<p>Die Sentro-Webseite unterliegt den Bestimmungen der <a href=\"https:\/\/eur-lex.europa.eu\/legal-content\/DE\/ALL\/?uri=CELEX%3A32016R0679\" target=\"_blank\" rel=\"noreferrer noopener\">Verordnung (EU) 2016\/679 des Europ\u00e4ischen Parlaments und des Rates vom 27. April 2016 zum Schutz nat\u00fcrlicher Personen bei der Verarbeitung personenbezogener Daten, zum freien Datenverkehr und zur Aufhebung der Richtlinie 95\/46\/EG (DSGVO)<\/a> sowie den Bestimmungen des <a href=\"https:\/\/www.ris.bka.gv.at\/GeltendeFassung.wxe?Abfrage=Bundesnormen&amp;Gesetzesnummer=10001597&amp;FassungVom=2018-05-25\" target=\"_blank\" rel=\"noreferrer noopener\">Datenschutzgesetzes in der Fassung vom 25. Mai 2018 (D<\/a>SG) in der Fassung des Datenschutznovellengesetzes.<\/p>\n\n\n\n<p>Sentro ist der \u201eVerantwortliche\u201c (\u201cAuftraggeber\u201d) f\u00fcr Ihre Daten im Sinne des DSG 2000 und der \u201eVerantwortliche\u201c im Sinne des DSG und der DSGVO.<\/p>\n\n\n\n<h2 class=\"wp-block-heading\">Pers\u00f6nliche Daten, die Sie uns zur Verf\u00fcgung stellen<\/h2>\n\n\n\n<p>Alle Daten, die Sie uns \u00fcber Online-Formulare oder per E-Mail zur Verf\u00fcgung stellen (z. B. bei der Nutzung des Kontaktformulars, bei der Anmeldung zu unserem Newsletter oder zu Veranstaltungen und bei der Beantwortung von Fragen), werden von uns verantwortungsvoll behandelt und ausschlie\u00dflich in \u00dcbereinstimmung mit und f\u00fcr die Zwecke dieser Anwendung verwendet. Es liegt in Ihrem Ermessen, ob Sie diese Daten mit uns teilen m\u00f6chten. Entsprechende Informationen zum Datenschutz finden Sie auf der jeweiligen Website oder Anwendung.<\/p>\n\n\n\n<p>Wenn Sie Informationsmaterial, Brosch\u00fcren oder Produkte bestellen, werden Sie um die Angabe Ihres Namens und anderer pers\u00f6nlicher Daten gebeten. Es liegt in Ihrem Ermessen, ob Sie diese Daten mit uns teilen m\u00f6chten. Die von Ihnen im Rahmen einer Bestellung angegebenen pers\u00f6nlichen Daten werden nur zur Abwicklung der Bestellung verwendet. Dazu geh\u00f6rt auch die Weitergabe der Daten an von Sentro beauftragte Distributoren.<\/p>\n\n\n\n<p>Alle anderen Anfragen, die Sie an Sentro richten, werden unter Beachtung der geltenden Aufbewahrungsfristen f\u00fcr Schriftgut in Papierform oder in elektronischer Form gespeichert. Wir verwenden Ihre Daten nur f\u00fcr die Zwecke der direkten Korrespondenz mit Ihnen.<\/p>\n\n\n\n<h2 class=\"wp-block-heading\">Ver\u00f6ffentlichung von Informationen mit personenbezogenen Daten<\/h2>\n\n\n\n<p>Personenbezogene Daten (z. B. Angaben zu Mitgliedern von Mitgliedern von Sentro und\/oder von Arbeitsgruppen) werden auf der Informationsseite der Website von Sentro ver\u00f6ffentlicht, sofern die betroffenen Personen ihre ausdr\u00fcckliche Zustimmung erteilen, um eine Vernetzung und Kontaktaufnahme zu erm\u00f6glichen.<br>Die Ver\u00f6ffentlichung personenbezogener Daten in Nachrichtenmedien erfolgt im \u00f6ffentlichen Interesse und auf der Rechtsgrundlage von Artikel 6, Abs 1(e) der DSGVO.<\/p>\n\n\n\n<h2 class=\"wp-block-heading\">Server logs \u2013 Serverprotokolle<\/h2>\n\n\n\n<p>Bei jedem Zugriff auf die Website von Sentro werden f\u00fcr einen begrenzten Zeitraum (30 Tage) folgende Daten in einer Protokolldatei (Server-Log) gespeichert:<\/p>\n\n\n\n<ul class=\"wp-block-list\"><li>Ihre IP-Adresse,<\/li><li>Einzelheiten der Anfrage und die Zieladresse,<\/li><li>Name der angeforderten Datei und Umfang der \u00fcbertragenen Daten,<\/li><li>Datum und Uhrzeit der Serveranfrage,<\/li><li>einen Bericht dar\u00fcber, ob die Anfrage erfolgreich war,<\/li><li>Bearbeitungszeit der Anfrage,<\/li><li>der verwendete Browser bzw. Client,<\/li><li>Verlinkung auf anderer Webseite (Ursprung der Anfrage),<\/li><li>http Protokollversion<\/li><li>http Methode<\/li><\/ul>\n\n\n\n<p>Diese Daten werden ausschlie\u00dflich zur \u00dcberpr\u00fcfung der Systemsicherheit verwendet. Eine Auswertung der personenbezogenen Daten oder die Erstellung von Nutzerprofilen findet nicht statt.<\/p>\n\n\n\n<p>Wir behalten uns jedoch das Recht vor, Ihre IP-Adresse im Falle eines Angriffs auf die Netzinfrastruktur von Sentro zu analysieren.<\/p>\n\n\n\n<h2 class=\"wp-block-heading\">Cookies<\/h2>\n\n\n\n<p>Cookies sind kleine Textdateien, die auf Ihrem Computer gespeichert werden und es der Website erm\u00f6glichen, Ihr Ger\u00e4t zu erkennen, wenn Sie die Seite in Zukunft wieder besuchen. Die in Cookies enthaltenen Informationen werden zur Verwaltung von Web-Sitzungen verwendet. Sie werden auch verwendet, um die Sicherheit unserer Anwendungen zu erh\u00f6hen und sie anpassungsf\u00e4higer und benutzerfreundlicher zu machen. So k\u00f6nnen wir die Benutzerfreundlichkeit unserer Website optimieren. In den Cookies, die auf unserer Website verwendet werden, werden keine personenbezogenen Daten gespeichert.<\/p>\n\n\n\n<p>Sie k\u00f6nnen Cookies deaktivieren, indem Sie die Einstellungen in Ihrem Browser \u00e4ndern. Sollten Sie sich daf\u00fcr entscheiden, Cookies zu blockieren, hat dies keine Auswirkungen auf Ihre allgemeine F\u00e4higkeit, unsere Website zu nutzen.<\/p>\n\n\n\n<h2 class=\"wp-block-heading\">Benutzerprofile<\/h2>\n\n\n\n<p>Auf dieser Website werden keine pers\u00f6nlich identifizierbaren Nutzerprofile erstellt.<\/p>\n\n\n\n<h2 class=\"wp-block-heading\">Weitergabe von personenbezogenen Daten an Dritte<\/h2>\n\n\n\n<p>Daten, die beim Zugriff auf das Internetangebot von Sentro protokolliert worden sind, werden an Dritte nur \u00fcbermittelt, soweit wir gesetzlich oder durch Gerichtsentscheidung dazu verpflichtet sind oder die Weitergabe im Falle von Angriffen auf die Rechner und die Webinfrastruktur von IONOS zur Rechts- oder Strafverfolgung erforderlich ist.<\/p>\n\n\n\n<p>Personenbezogene Daten, die bei der Bestellung von Informationsmaterial, Brosch\u00fcren oder Produkten angegeben werden, werden nur innerhalb von Sentro zur Abwicklung der Bestellung verwendet.<\/p>\n\n\n\n<p>Diese Informationen werden ohne die ausdr\u00fcckliche Zustimmung des Nutzers nicht an Dritte zu kommerziellen oder nichtkommerziellen Zwecken weitergegeben.<\/p>\n\n\n\n<h2 class=\"wp-block-heading\">Schutz von Minderj\u00e4hrigen<\/h2>\n\n\n\n<p>Personen unter 14 Jahren sollten ohne Zustimmung der Eltern oder Erziehungsberechtigten keine personenbezogenen Daten an Websites \u00fcbermitteln. Wir fordern keine personenbezogenen Daten von Kindern und Jugendlichen an. Wissentlich sammeln wir solche Daten nicht und geben sie auch nicht an Dritte weiter.<\/p>\n\n\n\n<h2 class=\"wp-block-heading\">Datenschutzerkl\u00e4rung f\u00fcr soziale Medien<\/h2>\n\n\n\n<p>Die anhaltende Diskussion um den Datenschutz in sozialen Netzwerken ist ein Thema, das Sentro sehr ernst nimmt. Derzeit gibt es keine klare Rechtslage, ob und inwieweit alle Dienste der sozialen Netzwerke den europ\u00e4ischen Datenschutzbestimmungen entsprechen.<\/p>\n\n\n\n<p>Wir weisen daher ausdr\u00fccklich darauf hin, dass die vom Sentro genutzten zuk\u00fcnftigen Dienste wie Twitter, Facebook, Instagram und YouTube Daten der NutzerInnen (z.B. personenbezogene Daten, IP-Adresse) wie in deren Datenschutzbestimmungen beschrieben erheben, speichern und f\u00fcr kommerzielle Zwecke nutzen.<\/p>\n\n\n\n<p>Sentro hat keinen Einfluss auf die Erhebung und Verwendung von Daten durch soziale Netzwerke. Er hat keine Kenntnis \u00fcber den Umfang, den Ort und die Dauer der Datenspeicherung sowie dar\u00fcber, inwieweit die Netzwerke bestehenden L\u00f6schungspflichten nachkommen, wie die Daten ausgewertet oder verkn\u00fcpft werden und an wen die Daten weitergegeben werden.<\/p>\n\n\n\n<h2 class=\"wp-block-heading\">Links zu Webseiten Dritter<\/h2>\n\n\n\n<p>Unsere Website enth\u00e4lt Links zu Webseiten Dritter. Wir haben keinen Einfluss darauf, dass diese Anbieter die Datenschutzbestimmungen einhalten.<\/p>\n\n\n\n<h2 class=\"wp-block-heading\">Ihre Rechte<\/h2>\n\n\n\n<p>Sie haben die grundlegenden Rechte auf Auskunft, Berichtigung, L\u00f6schung, Einschr\u00e4nkung, Daten\u00fcbertragbarkeit, Widerruf der Einwilligung und Widerspruch. Wenn Sie der Meinung sind, dass die Verarbeitung Ihrer Daten gegen das Datenschutzrecht verst\u00f6\u00dft oder dass Ihre datenschutzrechtlichen Rechte in anderer Weise verletzt wurden, k\u00f6nnen Sie eine Beschwerde bei der Aufsichtsbeh\u00f6rde einreichen. In \u00d6sterreich ist dies die <a href=\"https:\/\/www.data-protection-authority.gv.at\/\" target=\"_blank\" rel=\"noreferrer noopener\">Datenschutzbeh\u00f6rde<\/a>.<\/p>\n\n\n\n<hr class=\"wp-block-separator\"\/>\n\n\n\n<h1 class=\"wp-block-heading\" id=\"privacy-statement\">Privacy statement<\/h1>\n\n\n\n<p>The responsible use of personal data is a matter of priority for Sentro. We want to make sure you to know what kind of data we collect and how we use it.<\/p>\n\n\n\n<p>We have taken technical and organisational measures to ensure that data protection regulations are respected both by us and by our external service providers.<\/p>\n\n\n\n<p>Further development of our web page and the implementation of new technologies may result in changes to our privacy policy. We therefore recommend that you revisit this privacy statement from time to time.<\/p>\n\n\n\n<h2 class=\"wp-block-heading\" id=\"legal-basis\">Legal basis<\/h2>\n\n\n\n<p>The Sentro web page is subject to the provisions of <a href=\"https:\/\/eur-lex.europa.eu\/legal-content\/DE\/ALL\/?uri=CELEX%3A32016R0679\">Regulation (EU) 2016\/679 of the European Parliament and of the Council of 27 April 2016 on the protection of natural persons with regard to the processing of personal data and on the free movement of such data, and repealing Directive 95\/46\/EC<\/a> (GDPR) as well as the provisions of the <a href=\"https:\/\/www.ris.bka.gv.at\/GeltendeFassung.wxe?Abfrage=Bundesnormen&amp;Gesetzesnummer=10001597&amp;FassungVom=2018-05-25\">Data Protection Act in the version dated 25 May 2018<\/a> (DSG) as amended by the Data Protection Amendment Act.<\/p>\n\n\n\n<p>Sentro is the \u201ccontroller\u201d (\u201cAuftraggeber\u201d) of your data as defined in the DSG 2000 and the \u201ccontroller\u201d as defined in the DSG and GDPR.<\/p>\n\n\n\n<h2 class=\"wp-block-heading\" id=\"personal-data-that-you-disclose-to-us\">Personal data that you disclose to us<\/h2>\n\n\n\n<p>Any data that you disclose to us via online forms or by email (for instance, when using the contact form, when signing up for our newsletter or events, and when providing responses to questions) will be handled responsibly by us and used solely in accordance with and for the purposes of this application. It is at your discretion whether you wish to share this data with us. Corresponding information relating to data protection is available from the respective website or application.<\/p>\n\n\n\n<p>When you order informational material, brochures or products, you will be asked to provide your name and other personal information. It is at your discretion whether you wish to share this data with us. The personal information you provide when placing an order will only be used for the purposes of processing the order. This includes passing the information onto distributors commissioned by the Sentro.<\/p>\n\n\n\n<p>Any other enquiries you make with the Sentro will be stored on paper or in electronic form in accordance with the applicable time limits for the safekeeping of written records. We will only use your information for the purposes of directly corresponding with you.<\/p>\n\n\n\n<h2 class=\"wp-block-heading\" id=\"publication-of-information-containing-personal-data\">Publication of information containing personal data<\/h2>\n\n\n\n<p>Personal data (for example, details of members of committees and working groups) is published on the information page of the Sentro\u2019s website, subject to the explicit consent of the persons concerned, to allow for networking and contacts to be established.<br>Personal information is published in news media in the public interest and on the legal basis of Article 6(1)(e) of the GDPR.<\/p>\n\n\n\n<h2 class=\"wp-block-heading\" id=\"server-logs\">Server logs<\/h2>\n\n\n\n<p>Each time you access the Sentro website, the following data will be stored in a log file (server log) for a limited period (30 days):&nbsp;<\/p>\n\n\n\n<ul class=\"wp-block-list\"><li>your IP address<\/li><li>details of the request and the destination address<\/li><li>name of the requested file and volume of data transferred<\/li><li>date and time of server request<\/li><li>a report as to whether the request was successful<\/li><li>processing time of the request<\/li><li>user agent<\/li><li>referrer<\/li><li>http protocol version<\/li><li>http method<\/li><\/ul>\n\n\n\n<p>This data is used solely to check system security. We will not analyse personal data, nor will we use it to create user profiles.<\/p>\n\n\n\n<p>Nevertheless, we reserve the right to analyse your IP address in the case of an attack on the Sentro&#8217;s network infrastructure.<\/p>\n\n\n\n<h2 class=\"wp-block-heading\" id=\"cookies\">Cookies<\/h2>\n\n\n\n<p>Cookies are small text files stored on your computer, enabling the website to recognise your device when you return to the page in the future. Information contained in cookies is used to manage web sessions. It is also used to increase the security of our applications and to make them more adaptable and easier to use. This allows us to optimise the user friendliness of our website. No personal data is stored in the cookies used on our website.<\/p>\n\n\n\n<p>You can disable cookies by changing the settings in your browser. Should you choose to block cookies, this will not affect your general ability to use our website.<\/p>\n\n\n\n<h2 class=\"wp-block-heading\" id=\"user-profiles\">User profiles<\/h2>\n\n\n\n<p>No personally identifiable user profiles are created on this website.<\/p>\n\n\n\n<h2 class=\"wp-block-heading\" id=\"disclosure-of-personal-data-to-third-parties\">Disclosure of personal data to third parties<\/h2>\n\n\n\n<p>Data that is logged when users visit the Sentro\u2019s website will only be disclosed to third parties if this is required by law or court ruling, or if it becomes necessary for legal action or prosecution in the event of attacks on the IONOS\u2019s hosts and web infrastructure.<\/p>\n\n\n\n<p>Personal data provided when ordering informational materials, brochures or products will only be used within the Sentro to process the order.<\/p>\n\n\n\n<p>This information will not be disclosed to third parties for commercial or non-commercial purposes without the user\u2019s express consent.<\/p>\n\n\n\n<h2 class=\"wp-block-heading\" id=\"protection-of-minors\">Protection of minors<\/h2>\n\n\n\n<p>Persons under the age of 14 should not communicate any personal data to websites without the consent of parents or guardians. We do not request personal data from children or young persons. We do not knowingly collect such data nor pass it on to third parties.<\/p>\n\n\n\n<h2 class=\"wp-block-heading\" id=\"social-media-privacy-policy\">Social media privacy policy<\/h2>\n\n\n\n<p>The ongoing debate about data protection in social networks is a matter that the Sentro takes very seriously. At this time, there is no clear legal position as to whether and to what extent all the social networks\u2019 services comply with European data protection provisions.<\/p>\n\n\n\n<p>We would therefore like to expressly draw your attention to the fact that the future Twitter, Facebook, Instagram and YouTube services used by the Sentro collect and store users\u2019 data (for instance, personal information, IP address) as described in their privacy policy and use it for commercial purposes.<\/p>\n\n\n\n<p>The Sentro has no influence on the collection and use of data by social networks. It has no knowledge about the scope, location or duration of data storage, nor to what extent the networks comply with existing requirements to delete data, how data is analysed or linked, or to whom the data is disclosed.<\/p>\n\n\n\n<h2 class=\"wp-block-heading\" id=\"links-to-third-party-websites\">Links to third-party websites<\/h2>\n\n\n\n<p>Our website contains links to third-party web pages. We have no control over these providers\u2019 compliance with data protection provisions.<\/p>\n\n\n\n<h2 class=\"wp-block-heading\" id=\"your-rights\">Your rights<\/h2>\n\n\n\n<p>You have the fundamental rights to request information, rectification, deletion, restriction, data portability, withdrawal of consent, and objection. If you believe that the processing of your data breaches data protection law or that your rights under data protection law have been infringed in any other way, you may file a complaint with the supervisory authority. In Austria, this is the <a href=\"https:\/\/www.data-protection-authority.gv.at\/\">Data Protection Authority (Datenschutzbeh\u00f6rde)<\/a>.<\/p>\n","protected":false},"excerpt":{"rendered":"<p>Datenschutzerkl\u00e4rung Der verantwortungsvolle Umgang mit personenbezogenen Daten hat f\u00fcr Sentro Priorit\u00e4t. Wir m\u00f6chten, dass Sie wissen, welche Daten wir sammeln und wie wir sie verwenden. Wir haben technische und organisatorische&#8230;<\/p>\n","protected":false},"author":2,"featured_media":0,"parent":0,"menu_order":0,"comment_status":"closed","ping_status":"closed","template":"","meta":{"ngg_post_thumbnail":0,"footnotes":""},"class_list":["post-1310","page","type-page","status-publish","hentry"],"yoast_head":"<!-- This site is optimized with the Yoast SEO plugin v27.4 - https:\/\/yoast.com\/product\/yoast-seo-wordpress\/ -->\n<title>Datenschutzerkl\u00e4rung \/ Privacy Policy - Sentro<\/title>\n<meta name=\"robots\" content=\"index, follow, max-snippet:-1, max-image-preview:large, max-video-preview:-1\" \/>\n<link rel=\"canonical\" href=\"https:\/\/www.zentrum-oep.at\/?page_id=1310\" \/>\n<meta property=\"og:locale\" content=\"de_DE\" \/>\n<meta property=\"og:type\" content=\"article\" \/>\n<meta property=\"og:title\" content=\"Datenschutzerkl\u00e4rung \/ Privacy Policy - Sentro\" \/>\n<meta property=\"og:description\" content=\"Datenschutzerkl\u00e4rung Der verantwortungsvolle Umgang mit personenbezogenen Daten hat f\u00fcr Sentro Priorit\u00e4t. Wir m\u00f6chten, dass Sie wissen, welche Daten wir sammeln und wie wir sie verwenden. Wir haben technische und organisatorische...\" \/>\n<meta property=\"og:url\" content=\"https:\/\/www.zentrum-oep.at\/?page_id=1310\" \/>\n<meta property=\"og:site_name\" content=\"Sentro\" \/>\n<meta property=\"article:publisher\" content=\"https:\/\/www.facebook.com\/Zentrum-f%c3%bcr-%c3%b6sterreichische-und-philippinische-Kultur-und-Sprache-329255200458130\/\" \/>\n<meta property=\"article:modified_time\" content=\"2022-04-23T15:52:46+00:00\" \/>\n<meta name=\"twitter:card\" content=\"summary_large_image\" \/>\n<meta name=\"twitter:label1\" content=\"Gesch\u00e4tzte Lesezeit\" \/>\n\t<meta name=\"twitter:data1\" content=\"12\u00a0Minuten\" \/>\n<script type=\"application\/ld+json\" class=\"yoast-schema-graph\">{\"@context\":\"https:\\\/\\\/schema.org\",\"@graph\":[{\"@type\":\"WebPage\",\"@id\":\"https:\\\/\\\/www.zentrum-oep.at\\\/?page_id=1310\",\"url\":\"https:\\\/\\\/www.zentrum-oep.at\\\/?page_id=1310\",\"name\":\"Datenschutzerkl\u00e4rung \\\/ Privacy Policy - Sentro\",\"isPartOf\":{\"@id\":\"https:\\\/\\\/www.zentrum-oep.at\\\/#website\"},\"datePublished\":\"2022-03-20T19:00:00+00:00\",\"dateModified\":\"2022-04-23T15:52:46+00:00\",\"breadcrumb\":{\"@id\":\"https:\\\/\\\/www.zentrum-oep.at\\\/?page_id=1310#breadcrumb\"},\"inLanguage\":\"de\",\"potentialAction\":[{\"@type\":\"ReadAction\",\"target\":[\"https:\\\/\\\/www.zentrum-oep.at\\\/?page_id=1310\"]}]},{\"@type\":\"BreadcrumbList\",\"@id\":\"https:\\\/\\\/www.zentrum-oep.at\\\/?page_id=1310#breadcrumb\",\"itemListElement\":[{\"@type\":\"ListItem\",\"position\":1,\"name\":\"Startseite\",\"item\":\"https:\\\/\\\/www.zentrum-oep.at\\\/\"},{\"@type\":\"ListItem\",\"position\":2,\"name\":\"Datenschutzerkl\u00e4rung \\\/ Privacy Policy\"}]},{\"@type\":\"WebSite\",\"@id\":\"https:\\\/\\\/www.zentrum-oep.at\\\/#website\",\"url\":\"https:\\\/\\\/www.zentrum-oep.at\\\/\",\"name\":\"Sentro\",\"description\":\"Zentrum f\u00fcr \u00f6sterreichische und philippinische Kultur und Sprache\",\"potentialAction\":[{\"@type\":\"SearchAction\",\"target\":{\"@type\":\"EntryPoint\",\"urlTemplate\":\"https:\\\/\\\/www.zentrum-oep.at\\\/?s={search_term_string}\"},\"query-input\":{\"@type\":\"PropertyValueSpecification\",\"valueRequired\":true,\"valueName\":\"search_term_string\"}}],\"inLanguage\":\"de\"}]}<\/script>\n<!-- \/ Yoast SEO plugin. -->","yoast_head_json":{"title":"Datenschutzerkl\u00e4rung \/ Privacy Policy - Sentro","robots":{"index":"index","follow":"follow","max-snippet":"max-snippet:-1","max-image-preview":"max-image-preview:large","max-video-preview":"max-video-preview:-1"},"canonical":"https:\/\/www.zentrum-oep.at\/?page_id=1310","og_locale":"de_DE","og_type":"article","og_title":"Datenschutzerkl\u00e4rung \/ Privacy Policy - Sentro","og_description":"Datenschutzerkl\u00e4rung Der verantwortungsvolle Umgang mit personenbezogenen Daten hat f\u00fcr Sentro Priorit\u00e4t. Wir m\u00f6chten, dass Sie wissen, welche Daten wir sammeln und wie wir sie verwenden. Wir haben technische und organisatorische...","og_url":"https:\/\/www.zentrum-oep.at\/?page_id=1310","og_site_name":"Sentro","article_publisher":"https:\/\/www.facebook.com\/Zentrum-f%c3%bcr-%c3%b6sterreichische-und-philippinische-Kultur-und-Sprache-329255200458130\/","article_modified_time":"2022-04-23T15:52:46+00:00","twitter_card":"summary_large_image","twitter_misc":{"Gesch\u00e4tzte Lesezeit":"12\u00a0Minuten"},"schema":{"@context":"https:\/\/schema.org","@graph":[{"@type":"WebPage","@id":"https:\/\/www.zentrum-oep.at\/?page_id=1310","url":"https:\/\/www.zentrum-oep.at\/?page_id=1310","name":"Datenschutzerkl\u00e4rung \/ Privacy Policy - Sentro","isPartOf":{"@id":"https:\/\/www.zentrum-oep.at\/#website"},"datePublished":"2022-03-20T19:00:00+00:00","dateModified":"2022-04-23T15:52:46+00:00","breadcrumb":{"@id":"https:\/\/www.zentrum-oep.at\/?page_id=1310#breadcrumb"},"inLanguage":"de","potentialAction":[{"@type":"ReadAction","target":["https:\/\/www.zentrum-oep.at\/?page_id=1310"]}]},{"@type":"BreadcrumbList","@id":"https:\/\/www.zentrum-oep.at\/?page_id=1310#breadcrumb","itemListElement":[{"@type":"ListItem","position":1,"name":"Startseite","item":"https:\/\/www.zentrum-oep.at\/"},{"@type":"ListItem","position":2,"name":"Datenschutzerkl\u00e4rung \/ Privacy Policy"}]},{"@type":"WebSite","@id":"https:\/\/www.zentrum-oep.at\/#website","url":"https:\/\/www.zentrum-oep.at\/","name":"Sentro","description":"Zentrum f\u00fcr \u00f6sterreichische und philippinische Kultur und Sprache","potentialAction":[{"@type":"SearchAction","target":{"@type":"EntryPoint","urlTemplate":"https:\/\/www.zentrum-oep.at\/?s={search_term_string}"},"query-input":{"@type":"PropertyValueSpecification","valueRequired":true,"valueName":"search_term_string"}}],"inLanguage":"de"}]}},"_links":{"self":[{"href":"https:\/\/www.zentrum-oep.at\/index.php?rest_route=\/wp\/v2\/pages\/1310","targetHints":{"allow":["GET"]}}],"collection":[{"href":"https:\/\/www.zentrum-oep.at\/index.php?rest_route=\/wp\/v2\/pages"}],"about":[{"href":"https:\/\/www.zentrum-oep.at\/index.php?rest_route=\/wp\/v2\/types\/page"}],"author":[{"embeddable":true,"href":"https:\/\/www.zentrum-oep.at\/index.php?rest_route=\/wp\/v2\/users\/2"}],"replies":[{"embeddable":true,"href":"https:\/\/www.zentrum-oep.at\/index.php?rest_route=%2Fwp%2Fv2%2Fcomments&post=1310"}],"version-history":[{"count":6,"href":"https:\/\/www.zentrum-oep.at\/index.php?rest_route=\/wp\/v2\/pages\/1310\/revisions"}],"predecessor-version":[{"id":1407,"href":"https:\/\/www.zentrum-oep.at\/index.php?rest_route=\/wp\/v2\/pages\/1310\/revisions\/1407"}],"wp:attachment":[{"href":"https:\/\/www.zentrum-oep.at\/index.php?rest_route=%2Fwp%2Fv2%2Fmedia&parent=1310"}],"curies":[{"name":"wp","href":"https:\/\/api.w.org\/{rel}","templated":true}]}}